mmon factor of 14 and n.
14
Let o(d) = -12*d - 52. Let q be o(-19). Let j = q - 68. What is the greatest common factor of 162 and j?
54
Suppose -64*m - 862 = -33*m - 5512. Calculate the greatest common divisor of m and 795.
15
Suppose -475 - 823 = -11*h. Let q = h - -157. Calculate the highest common factor of q and 55.
55
Let m be (21/35 - 480/(-75))/(1/25). What is the greatest common factor of 105 and m?
35
Let n be -2*(2 - 13/2). Suppose -62 = -2*f + 2*p, -4*f = -5*f - 4*p + 56. Suppose -31*u - f = -33*u. Calculate the highest common factor of u and n.
9
Let a(m) = -3*m**3 - 5*m**2 + 27*m - 1. Let w be a(-7). Let z be (11/9 - 1) + 1452/27. What is the greatest common divisor of z and w?
54
Let h = -1152 + 1156. Let x be (-30)/((-3)/1) + h/1. Let y be (-37)/(-5) - (-4)/(-10). What is the greatest common factor of y and x?
7
Suppose 222*c = 232*c - 1040. What is the highest common divisor of c and 104?
104
Let q(f) = f + 8. Let s be q(-5). Suppose -3*p + 347 = 2*y, -s*p - 2 + 11 = 0. What is the greatest common divisor of 13 and y?
13
Let g(m) = 14*m**2 - 133*m - 32. Let q be g(14). What is the highest common factor of q and 340?
170
Suppose 0 = f + 3 - 30. Let n be (-777)/f - (-2)/(-9). Let i = 39 + n. Calculate the greatest common divisor of 15 and i.
5
Let w be (10/55 - (-358)/88)*(-56 + 64). What is the highest common divisor of w and 5746?
34
Let l(o) = 20*o - 5. Let b be l(6). Suppose 7*x - 621 = 149. Let i be 1/5 + 2508/x. Calculate the highest common factor of i and b.
23
Suppose -3*v - 3*s = 159, 4*v + 1 = s - 186. Let d be v/144 - (-1 - (-206)/(-6)). What is the highest common factor of d and 105?
35
Let n(y) be the first derivative of 4*y**3/3 - 5*y**2/2 + 29*y + 2. Let v = 202 - 197. Let t be n(v). Calculate the greatest common divisor of t and 26.
26
Suppose 297*h + 185 = 292*h. Let c = 71 + h. What is the highest common factor of c and 187?
17
Let x be 357/(-21)*(-114)/2. Let q(a) = a**2 + 16*a + 85. Let g be q(-14). What is the highest common divisor of x and g?
57
Let v be 8/6*(-2 + 35). Let s(m) = 25276*m - 25144. Let n be s(1). Calculate the highest common divisor of n and v.
44
Let v(c) = 17*c - 1360. Let a be v(80). Let x(f) = f**2 - 4*f**2 - f**2 - f + 3. Let d be x(a). Calculate the highest common divisor of 21 and d.
3
Let c be (-1392)/(-1566) - (-89984)/18. What is the highest common factor of 1750 and c?
250
Let c be 24/(-40)*(-5500)/30. What is the greatest common divisor of c and 160?
10
Suppose 0 = -123*g + 136*g - 247. Let p be 24752/133 + -15 - 2/g. Calculate the highest common factor of 38 and p.
19
Let n be (-16)/(-10)*(-150)/(-60). Suppose n = -14*z + 60. Calculate the greatest common factor of 20 and z.
4
Let f(p) = -55*p**3 - p**2 - 21*p - 43. Let i be f(-3). What is the greatest common factor of i and 528?
88
Suppose -45*a - 13243 = -28*a. Let h = -740 - a. Calculate the highest common divisor of 3 and h.
3
Let w(p) = 12*p**2 + 24*p + 177. Let f be w(-18). Calculate the greatest common factor of 35 and f.
7
Let g(m) = 2*m**2 + 7*m + 4. Let b be g(-6). Let x be 1/5*b*5. Let t be 10230/150 + 6/(-30). Calculate the highest common divisor of x and t.
34
Suppose -12 = -0*a - 3*a. Let f(k) = 9*k**2 - 7*k + 16. Let v be f(0). What is the highest common factor of a and v?
4
Let x(n) = -10*n**3 - 3*n**2 - 6*n - 14. Let i be x(-3). What is the highest common divisor of 117 and i?
13
Let t be -3 - -1 - (-1)/(-3) - (-35860)/660. Calculate the greatest common factor of t and 23166.
26
Let g(d) be the first derivative of d**2/2 + 150*d - 22. Let n be g(-10). Calculate the highest common divisor of n and 120.
20
Let f(o) = 2*o**3 - 2*o**2 - 7*o + 4. Let w be f(3). Suppose -4*z + 20 = -6*z. Let j be (-3984)/(-30) + (-2)/z. Calculate the highest common divisor of w and j.
19
Let k = -48 + 53. Let c(s) = s**3 - 4*s**2 + s. Let i be c(k). What is the highest common divisor of i and 10?
10
Let v(m) = 3*m**2 - 96*m + 1574. Let h be v(25). What is the highest common divisor of 2 and h?
1
Let s(u) = -u**2 - 4*u + 257. Let c be s(14). Suppose -108 = -3*d + 3*l, 57*d - 58*d - c*l = -24. What is the greatest common factor of d and 1020?
34
Let x(q) = -4*q + 48. Let y be x(8). Let k be ((-18)/24)/((-9)/24). Let f be (32/(-6))/(k/(-9)). Calculate the greatest common factor of f and y.
8
Suppose 8 = 2*r - 2. Suppose 15*q - 10 = r*q. Suppose -5*i + 4*l = -11, -5*l = -3*i + 5 - q. What is the highest common factor of i and 33?
3
Let d be 129 + 9 + -2 + 1. Suppose -2 = -2*q + 4. Suppose 4*l = f - 42 + d, -q*l - 3*f + 60 = 0. Calculate the greatest common divisor of 184 and l.
23
Let u = 358 - 298. What is the highest common factor of 340 and u?
20
Let w = -269 - -254. Let v be 1 + 4/(-6) + (-190)/w. Calculate the highest common factor of v and 143.
13
Let q = -3138 - -3175. Calculate the highest common divisor of q and 3811.
37
Suppose -572*w = 583*w - 1163*w + 7992. What is the highest common divisor of 592 and w?
37
Suppose 0 = 7*d - 8*d + 4, -5*r = 5*d - 260. Let w be (-6 + 12)*r/9. What is the highest common factor of w and 992?
32
Suppose -2*d + 468 = 2*d. Let u = 497 + -487. Let y be (u/3)/((-6)/(-27)) + -2. Calculate the highest common divisor of d and y.
13
Suppose -3*r - 4*z - 86 = -2*r, 5*r + 4*z + 414 = 0. Let g = r + -56. Let l = g + 201. What is the greatest common divisor of 9 and l?
9
Suppose -39*p + 10*p + 25912 = -68976. What is the greatest common divisor of 8 and p?
8
Let b be (-70245)/18*(-12)/10 - 0. What is the greatest common divisor of 3 and b?
3
Let r be 0 + 48 + 0 + -3. Let l = -40 + r. Suppose -8*f = -l*f - 198. What is the highest common divisor of 6 and f?
6
Suppose 4*o = -257 + 1009. Suppose -343 = -o*a + 139*a. Let l be (-44)/(-2) - (2 + -1). Calculate the greatest common divisor of l and a.
7
Let b = -11 + 15. Let p be 715/35 - b/(-7). Calculate the greatest common factor of p and 21.
21
Suppose 303 = 5*u - 67. Let a = u + -10. What is the greatest common divisor of 32 and a?
32
Let v = 1540 - 1506. Suppose -4*s + 564 = -5*a, s - 3*a = -2*s + 420. Calculate the highest common divisor of v and s.
34
Let l = -903 + 1325. Suppose -l = 33*b - 2105. What is the greatest common factor of 459 and b?
51
Suppose -52 - 140 = 4*b. Let v(g) = 16*g + 9. Let t be v(-3). Let f = t - b. What is the highest common factor of 15 and f?
3
Suppose -1884 = -3*j + 3*l + 2838, 6 = 2*l. What is the highest common divisor of 747 and j?
83
Suppose -d - w = -5, 2*d - 3*w = 26 + 4. Suppose -d = -3*j + 213. Suppose -5*z = -f + 10, 4*f - z = -f + j. What is the greatest common divisor of f and 135?
15
Let k = 8941 - 8913. What is the greatest common factor of k and 2842?
14
Let u = -189 + 194. Suppose 0 = -2*k + 5*j + 32, u*k - 42 - 38 = 4*j. Calculate the highest common divisor of k and 80.
16
Let v = 83816 + -43068. Calculate the highest common factor of 334 and v.
334
Suppose 1026*c - 1021*c - 3510 = 0. What is the highest common divisor of 26 and c?
26
Let a = 68 + -66. Suppose a*s + 6 = 0, 7*s - 5*s - 9 = -5*x. Let m be 5/(-5)*x*-77. What is the highest common divisor of 11 and m?
11
Let g = 897 - 894. Suppose b = 4*b - 99. What is the greatest common factor of b and g?
3
Suppose 0 = 2*n + 29 - 37. Suppose -n = -10*o + 56. Suppose -t + 5*h = -17, 41 - o = t + h. What is the highest common factor of 8 and t?
8
Suppose 5*b + 908 - 123 = 0. Let h = 170 + b. Suppose -5*p + 5*u - 30 = -115, -5*p + 61 = u. Calculate the highest common divisor of p and h.
13
Let m be 7/((-42)/332)*-3. Suppose 544 - m = 3*v. Calculate the highest common divisor of 84 and v.
42
Suppose 6*z + 5 = z. Let h = z + 8. Let p(o) = o**2 - o - 13. Let s be p(h). Calculate the greatest common factor of 87 and s.
29
Suppose 5*z - 62 = -12. Let l = 5 + z. Let k be 6/75*-5 + (-34)/(-10). Calculate the highest common factor of k and l.
3
Let m(f) = -58*f**3 + f**2 + 1. Let r be m(-2). Suppose -128*b = -18457 - 7271. What is the highest common factor of b and r?
67
Let y = -26 - -28. Let n be (4 + (-56)/(-4))*y. Let p = n - 18. Calculate the highest common factor of 27 and p.
9
Suppose 7*h - 9142 = -7371. What is the highest common divisor of 297 and h?
11
Suppose -53 = -4*z + 47. Suppose 4*x = 5*n + 2875, -7*x + 128*n = 133*n - 5100. Calculate the greatest common di